[INFO] fetching crate cargho 0.1.4...
[INFO] building cargho-0.1.4 against master#881c1ac408d93bb7adaa3a51dabab9266e82eee8 for issue-85264
[INFO] extracting crate cargho 0.1.4 into /workspace/builds/worker-8/source
[INFO] validating manifest of crates.io crate cargho 0.1.4 on toolchain 881c1ac408d93bb7adaa3a51dabab9266e82eee8
[INFO] running `Command { std: "/workspace/cargo-home/bin/cargo" "+881c1ac408d93bb7adaa3a51dabab9266e82eee8" "metadata" "--manifest-path" "Cargo.toml" "--no-deps", kill_on_drop: false }`
[INFO] started tweaking crates.io crate cargho 0.1.4
[INFO] finished tweaking crates.io crate cargho 0.1.4
[INFO] tweaked toml for crates.io crate cargho 0.1.4 written to /workspace/builds/worker-8/source/Cargo.toml
[INFO] running `Command { std: "/workspace/cargo-home/bin/cargo" "+881c1ac408d93bb7adaa3a51dabab9266e82eee8" "generate-lockfile" "--manifest-path" "Cargo.toml" "-Zno-index-update", kill_on_drop: false }`
[INFO] running `Command { std: "/workspace/cargo-home/bin/cargo" "+881c1ac408d93bb7adaa3a51dabab9266e82eee8" "fetch" "--manifest-path" "Cargo.toml", kill_on_drop: false }`
[INFO] running `Command { std: "docker" "create" "-v" "/var/lib/crater-agent-workspace/builds/worker-8/target:/opt/rustwide/target:rw,Z" "-v" "/var/lib/crater-agent-workspace/builds/worker-8/source:/opt/rustwide/workdir:ro,Z" "-v" "/var/lib/crater-agent-workspace/cargo-home:/opt/rustwide/cargo-home:ro,Z" "-v" "/var/lib/crater-agent-workspace/rustup-home:/opt/rustwide/rustup-home:ro,Z" "-e" "SOURCE_DIR=/opt/rustwide/workdir" "-e" "CARGO_TARGET_DIR=/opt/rustwide/target" "-e" "CARGO_HOME=/opt/rustwide/cargo-home" "-e" "RUSTUP_HOME=/opt/rustwide/rustup-home" "-w" "/opt/rustwide/workdir" "-m" "1610612736" "--user" "0:0" "--network" "none" "ghcr.io/rust-lang/crates-build-env/linux@sha256:20528e8c29e4536546f0102ce88568b16ea7538393a33fcca951030f7af10457" "/opt/rustwide/cargo-home/bin/cargo" "+881c1ac408d93bb7adaa3a51dabab9266e82eee8" "metadata" "--no-deps" "--format-version=1", kill_on_drop: false }`
[INFO] [stdout] e61ab258f0ad371d1e6fd1165c97b34b1eb9267ffca5e9980c7512bcd12e373b
[INFO] [stderr] WARNING: Your kernel does not support swap limit capabilities or the cgroup is not mounted. Memory limited without swap.
[INFO] running `Command { std: "docker" "start" "-a" "e61ab258f0ad371d1e6fd1165c97b34b1eb9267ffca5e9980c7512bcd12e373b", kill_on_drop: false }`
[INFO] running `Command { std: "docker" "inspect" "e61ab258f0ad371d1e6fd1165c97b34b1eb9267ffca5e9980c7512bcd12e373b", kill_on_drop: false }`
[INFO] running `Command { std: "docker" "rm" "-f" "e61ab258f0ad371d1e6fd1165c97b34b1eb9267ffca5e9980c7512bcd12e373b", kill_on_drop: false }`
[INFO] [stdout] e61ab258f0ad371d1e6fd1165c97b34b1eb9267ffca5e9980c7512bcd12e373b
[INFO] running `Command { std: "docker" "create" "-v" "/var/lib/crater-agent-workspace/builds/worker-8/target:/opt/rustwide/target:rw,Z" "-v" "/var/lib/crater-agent-workspace/builds/worker-8/source:/opt/rustwide/workdir:ro,Z" "-v" "/var/lib/crater-agent-workspace/cargo-home:/opt/rustwide/cargo-home:ro,Z" "-v" "/var/lib/crater-agent-workspace/rustup-home:/opt/rustwide/rustup-home:ro,Z" "-e" "SOURCE_DIR=/opt/rustwide/workdir" "-e" "CARGO_TARGET_DIR=/opt/rustwide/target" "-e" "CARGO_INCREMENTAL=0" "-e" "RUST_BACKTRACE=full" "-e" "RUSTFLAGS=--cap-lints=forbid" "-e" "CARGO_HOME=/opt/rustwide/cargo-home" "-e" "RUSTUP_HOME=/opt/rustwide/rustup-home" "-w" "/opt/rustwide/workdir" "-m" "1610612736" "--user" "0:0" "--network" "none" "ghcr.io/rust-lang/crates-build-env/linux@sha256:20528e8c29e4536546f0102ce88568b16ea7538393a33fcca951030f7af10457" "/opt/rustwide/cargo-home/bin/cargo" "+881c1ac408d93bb7adaa3a51dabab9266e82eee8" "build" "--frozen" "--message-format=json", kill_on_drop: false }`
[INFO] [stdout] fbf05aaeae692c5f34c30b54839c2cc40d0690b6dc77dfbb1dcd8cf8d63b7d05
[INFO] [stderr] WARNING: Your kernel does not support swap limit capabilities or the cgroup is not mounted. Memory limited without swap.
[INFO] running `Command { std: "docker" "start" "-a" "fbf05aaeae692c5f34c30b54839c2cc40d0690b6dc77dfbb1dcd8cf8d63b7d05", kill_on_drop: false }`
[INFO] [stderr]    Compiling proc-macro2 v1.0.27
[INFO] [stderr]    Compiling unicode-xid v0.2.2
[INFO] [stderr]    Compiling syn v1.0.72
[INFO] [stderr]    Compiling argh_shared v0.1.4
[INFO] [stderr]    Compiling heck v0.3.2
[INFO] [stderr]    Compiling quote v1.0.9
[INFO] [stderr]    Compiling argh_derive v0.1.4
[INFO] [stderr]    Compiling cargho v0.1.4 (/opt/rustwide/workdir)
[INFO] [stderr]     Finished dev [unoptimized + debuginfo] target(s) in 10.22s
[INFO] running `Command { std: "docker" "inspect" "fbf05aaeae692c5f34c30b54839c2cc40d0690b6dc77dfbb1dcd8cf8d63b7d05", kill_on_drop: false }`
[INFO] running `Command { std: "docker" "rm" "-f" "fbf05aaeae692c5f34c30b54839c2cc40d0690b6dc77dfbb1dcd8cf8d63b7d05", kill_on_drop: false }`
[INFO] [stdout] fbf05aaeae692c5f34c30b54839c2cc40d0690b6dc77dfbb1dcd8cf8d63b7d05
[INFO] running `Command { std: "docker" "create" "-v" "/var/lib/crater-agent-workspace/builds/worker-8/target:/opt/rustwide/target:rw,Z" "-v" "/var/lib/crater-agent-workspace/builds/worker-8/source:/opt/rustwide/workdir:ro,Z" "-v" "/var/lib/crater-agent-workspace/cargo-home:/opt/rustwide/cargo-home:ro,Z" "-v" "/var/lib/crater-agent-workspace/rustup-home:/opt/rustwide/rustup-home:ro,Z" "-e" "SOURCE_DIR=/opt/rustwide/workdir" "-e" "CARGO_TARGET_DIR=/opt/rustwide/target" "-e" "CARGO_INCREMENTAL=0" "-e" "RUST_BACKTRACE=full" "-e" "RUSTFLAGS=--cap-lints=forbid" "-e" "CARGO_HOME=/opt/rustwide/cargo-home" "-e" "RUSTUP_HOME=/opt/rustwide/rustup-home" "-w" "/opt/rustwide/workdir" "-m" "1610612736" "--user" "0:0" "--network" "none" "ghcr.io/rust-lang/crates-build-env/linux@sha256:20528e8c29e4536546f0102ce88568b16ea7538393a33fcca951030f7af10457" "/opt/rustwide/cargo-home/bin/cargo" "+881c1ac408d93bb7adaa3a51dabab9266e82eee8" "test" "--frozen" "--no-run" "--message-format=json", kill_on_drop: false }`
[INFO] [stdout] 313f730b750e0fe238d4d3960297c9dd120ab7bfb9730e03a718cae6cf405f49
[INFO] [stderr] WARNING: Your kernel does not support swap limit capabilities or the cgroup is not mounted. Memory limited without swap.
[INFO] running `Command { std: "docker" "start" "-a" "313f730b750e0fe238d4d3960297c9dd120ab7bfb9730e03a718cae6cf405f49", kill_on_drop: false }`
[INFO] [stderr]     Blocking waiting for file lock on package cache
[INFO] [stderr]    Compiling cargho v0.1.4 (/opt/rustwide/workdir)
[INFO] [stdout] error[E0432]: unresolved import `argh`
[INFO] [stdout]  --> tests/lib.rs:6:6
[INFO] [stdout]   |
[INFO] [stdout] 6 | use {argh::FromArgs, std::fmt::Debug};
[INFO] [stdout]   |      ^^^^ use of undeclared crate or module `argh`
[INFO] [stdout] 
[INFO] [stdout] 
[INFO] [stdout] error[E0433]: failed to resolve: use of undeclared crate or module `argh`
[INFO] [stdout]    --> tests/lib.rs:212:14
[INFO] [stdout]     |
[INFO] [stdout] 212 |     #[derive(argh::FromArgs, Debug, PartialEq)]
[INFO] [stdout]     |              ^^^^ use of undeclared crate or module `argh`
[INFO] [stdout] 
[INFO] [stdout] 
[INFO] [stdout] error[E0433]: failed to resolve: use of undeclared crate or module `argh`
[INFO] [stdout]    --> tests/lib.rs:230:14
[INFO] [stdout]     |
[INFO] [stdout] 230 |     #[derive(argh::FromArgs, Debug, PartialEq)]
[INFO] [stdout]     |              ^^^^ use of undeclared crate or module `argh`
[INFO] [stdout] 
[INFO] [stdout] 
[INFO] [stdout] error[E0433]: failed to resolve: use of undeclared crate or module `argh`
[INFO] [stdout]    --> tests/lib.rs:252:14
[INFO] [stdout]     |
[INFO] [stdout] 252 |     #[derive(argh::FromArgs, Debug, PartialEq)]
[INFO] [stdout]     |              ^^^^ use of undeclared crate or module `argh`
[INFO] [stdout] 
[INFO] [stdout] 
[INFO] [stdout] error[E0433]: failed to resolve: use of undeclared crate or module `argh`
[INFO] [stdout]    --> tests/lib.rs:373:14
[INFO] [stdout]     |
[INFO] [stdout] 373 |     #[derive(argh::FromArgs, Debug, PartialEq)]
[INFO] [stdout]     |              ^^^^ use of undeclared crate or module `argh`
[INFO] [stdout] 
[INFO] [stdout] 
[INFO] [stdout] error: cannot determine resolution for the derive macro `FromArgs`
[INFO] [stdout]   --> tests/lib.rs:10:14
[INFO] [stdout]    |
[INFO] [stdout] 10 |     #[derive(FromArgs, PartialEq, Debug)]
[INFO] [stdout]    |              ^^^^^^^^
[INFO] [stdout]    |
[INFO] [stdout]    = note: import resolution is stuck, try simplifying macro imports
[INFO] [stdout] 
[INFO] [stdout] 
[INFO] [stdout] error: cannot find attribute `argh` in this scope
[INFO] [stdout]   --> tests/lib.rs:14:11
[INFO] [stdout]    |
[INFO] [stdout] 14 |         #[argh(switch, short = 'j')]
[INFO] [stdout]    |           ^^^^
[INFO] [stdout] 
[INFO] [stdout] 
[INFO] [stdout] error: cannot find attribute `argh` in this scope
[INFO] [stdout]   --> tests/lib.rs:18:11
[INFO] [stdout]    |
[INFO] [stdout] 18 |         #[argh(option)]
[INFO] [stdout]    |           ^^^^
[INFO] [stdout] 
[INFO] [stdout] 
[INFO] [stdout] error: cannot find attribute `argh` in this scope
[INFO] [stdout]   --> tests/lib.rs:22:11
[INFO] [stdout]    |
[INFO] [stdout] 22 |         #[argh(option)]
[INFO] [stdout]    |           ^^^^
[INFO] [stdout] 
[INFO] [stdout] 
[INFO] [stdout] error: cannot determine resolution for the derive macro `FromArgs`
[INFO] [stdout]   --> tests/lib.rs:32:14
[INFO] [stdout]    |
[INFO] [stdout] 32 |     #[derive(FromArgs)]
[INFO] [stdout]    |              ^^^^^^^^
[INFO] [stdout]    |
[INFO] [stdout]    = note: import resolution is stuck, try simplifying macro imports
[INFO] [stdout] 
[INFO] [stdout] 
[INFO] [stdout] error: cannot find attribute `argh` in this scope
[INFO] [stdout]   --> tests/lib.rs:36:11
[INFO] [stdout]    |
[INFO] [stdout] 36 |         #[argh(option, from_str_fn(always_five))]
[INFO] [stdout]    |           ^^^^
[INFO] [stdout] 
[INFO] [stdout] 
[INFO] [stdout] error: cannot determine resolution for the derive macro `FromArgs`
[INFO] [stdout]   --> tests/lib.rs:50:14
[INFO] [stdout]    |
[INFO] [stdout] 50 |     #[derive(FromArgs, PartialEq, Debug)]
[INFO] [stdout]    |              ^^^^^^^^
[INFO] [stdout]    |
[INFO] [stdout]    = note: import resolution is stuck, try simplifying macro imports
[INFO] [stdout] 
[INFO] [stdout] 
[INFO] [stdout] error: cannot find attribute `argh` in this scope
[INFO] [stdout]   --> tests/lib.rs:53:11
[INFO] [stdout]    |
[INFO] [stdout] 53 |         #[argh(subcommand)]
[INFO] [stdout]    |           ^^^^
[INFO] [stdout] 
[INFO] [stdout] 
[INFO] [stdout] error: cannot determine resolution for the derive macro `FromArgs`
[INFO] [stdout]   --> tests/lib.rs:57:14
[INFO] [stdout]    |
[INFO] [stdout] 57 |     #[derive(FromArgs, PartialEq, Debug)]
[INFO] [stdout]    |              ^^^^^^^^
[INFO] [stdout]    |
[INFO] [stdout]    = note: import resolution is stuck, try simplifying macro imports
[INFO] [stdout] 
[INFO] [stdout] 
[INFO] [stdout] error: cannot find attribute `argh` in this scope
[INFO] [stdout]   --> tests/lib.rs:58:7
[INFO] [stdout]    |
[INFO] [stdout] 58 |     #[argh(subcommand)]
[INFO] [stdout]    |       ^^^^
[INFO] [stdout] 
[INFO] [stdout] 
[INFO] [stdout] error: cannot determine resolution for the derive macro `FromArgs`
[INFO] [stdout]   --> tests/lib.rs:64:14
[INFO] [stdout]    |
[INFO] [stdout] 64 |     #[derive(FromArgs, PartialEq, Debug)]
[INFO] [stdout]    |              ^^^^^^^^
[INFO] [stdout]    |
[INFO] [stdout]    = note: import resolution is stuck, try simplifying macro imports
[INFO] [stdout] 
[INFO] [stdout] 
[INFO] [stdout] error: cannot find attribute `argh` in this scope
[INFO] [stdout]   --> tests/lib.rs:66:7
[INFO] [stdout]    |
[INFO] [stdout] 66 |     #[argh(subcommand, name = "one")]
[INFO] [stdout]    |       ^^^^
[INFO] [stdout] 
[INFO] [stdout] 
[INFO] [stdout] error: cannot find attribute `argh` in this scope
[INFO] [stdout]   --> tests/lib.rs:68:11
[INFO] [stdout]    |
[INFO] [stdout] 68 |         #[argh(option)]
[INFO] [stdout]    |           ^^^^
[INFO] [stdout] 
[INFO] [stdout] 
[INFO] [stdout] error: cannot determine resolution for the derive macro `FromArgs`
[INFO] [stdout]   --> tests/lib.rs:73:14
[INFO] [stdout]    |
[INFO] [stdout] 73 |     #[derive(FromArgs, PartialEq, Debug)]
[INFO] [stdout]    |              ^^^^^^^^
[INFO] [stdout]    |
[INFO] [stdout]    = note: import resolution is stuck, try simplifying macro imports
[INFO] [stdout] 
[INFO] [stdout] 
[INFO] [stdout] error: cannot find attribute `argh` in this scope
[INFO] [stdout]   --> tests/lib.rs:75:7
[INFO] [stdout]    |
[INFO] [stdout] 75 |     #[argh(subcommand, name = "two")]
[INFO] [stdout]    |       ^^^^
[INFO] [stdout] 
[INFO] [stdout] 
[INFO] [stdout] error: cannot find attribute `argh` in this scope
[INFO] [stdout]   --> tests/lib.rs:77:11
[INFO] [stdout]    |
[INFO] [stdout] 77 |         #[argh(switch)]
[INFO] [stdout]    |           ^^^^
[INFO] [stdout] 
[INFO] [stdout] 
[INFO] [stdout] error: cannot determine resolution for the derive macro `FromArgs`
[INFO] [stdout]   --> tests/lib.rs:91:14
[INFO] [stdout]    |
[INFO] [stdout] 91 |     #[derive(FromArgs)]
[INFO] [stdout]    |              ^^^^^^^^
[INFO] [stdout]    |
[INFO] [stdout]    = note: import resolution is stuck, try simplifying macro imports
[INFO] [stdout] 
[INFO] [stdout] 
[INFO] [stdout] error: cannot find attribute `argh` in this scope
[INFO] [stdout]   --> tests/lib.rs:94:11
[INFO] [stdout]    |
[INFO] [stdout] 94 |         #[argh(switch)]
[INFO] [stdout]    |           ^^^^
[INFO] [stdout] 
[INFO] [stdout] 
[INFO] [stdout] error: cannot determine resolution for the derive macro `FromArgs`
[INFO] [stdout]    --> tests/lib.rs:117:14
[INFO] [stdout]     |
[INFO] [stdout] 117 |     #[derive(FromArgs, Debug)]
[INFO] [stdout]     |              ^^^^^^^^
[INFO] [stdout]     |
[INFO] [stdout]     = note: import resolution is stuck, try simplifying macro imports
[INFO] [stdout] 
[INFO] [stdout] 
[INFO] [stdout] error: cannot find attribute `argh` in this scope
[INFO] [stdout]    --> tests/lib.rs:120:11
[INFO] [stdout]     |
[INFO] [stdout] 120 |         #[argh(option, long = "foo")]
[INFO] [stdout]     |           ^^^^
[INFO] [stdout] 
[INFO] [stdout] 
[INFO] [stdout] error: cannot determine resolution for the derive macro `FromArgs`
[INFO] [stdout]    --> tests/lib.rs:131:10
[INFO] [stdout]     |
[INFO] [stdout] 131 | #[derive(FromArgs)]
[INFO] [stdout]     |          ^^^^^^^^
[INFO] [stdout]     |
[INFO] [stdout]     = note: import resolution is stuck, try simplifying macro imports
[INFO] [stdout] 
[INFO] [stdout] 
[INFO] [stdout] error: cannot find attribute `argh` in this scope
[INFO] [stdout]    --> tests/lib.rs:135:7
[INFO] [stdout]     |
[INFO] [stdout] 135 |     #[argh(option)]
[INFO] [stdout]     |       ^^^^
[INFO] [stdout] 
[INFO] [stdout] 
[INFO] [stdout] error: cannot determine resolution for the derive macro `FromArgs`
[INFO] [stdout]    --> tests/lib.rs:141:14
[INFO] [stdout]     |
[INFO] [stdout] 141 |     #[derive(FromArgs)]
[INFO] [stdout]     |              ^^^^^^^^
[INFO] [stdout]     |
[INFO] [stdout]     = note: import resolution is stuck, try simplifying macro imports
[INFO] [stdout] 
[INFO] [stdout] 
[INFO] [stdout] error: cannot find attribute `argh` in this scope
[INFO] [stdout]    --> tests/lib.rs:144:11
[INFO] [stdout]     |
[INFO] [stdout] 144 |         #[argh(option, default = "5")]
[INFO] [stdout]     |           ^^^^
[INFO] [stdout] 
[INFO] [stdout] 
[INFO] [stdout] error: cannot determine resolution for the derive macro `FromArgs`
[INFO] [stdout]    --> tests/lib.rs:160:14
[INFO] [stdout]     |
[INFO] [stdout] 160 |     #[derive(FromArgs)]
[INFO] [stdout]     |              ^^^^^^^^
[INFO] [stdout]     |
[INFO] [stdout]     = note: import resolution is stuck, try simplifying macro imports
[INFO] [stdout] 
[INFO] [stdout] 
[INFO] [stdout] error: cannot find attribute `argh` in this scope
[INFO] [stdout]    --> tests/lib.rs:163:11
[INFO] [stdout]     |
[INFO] [stdout] 163 |         #[argh(option, default = "call_me_maybe()")]
[INFO] [stdout]     |           ^^^^
[INFO] [stdout] 
[INFO] [stdout] 
[INFO] [stdout] error: cannot determine resolution for the derive macro `FromArgs`
[INFO] [stdout]    --> tests/lib.rs:174:14
[INFO] [stdout]     |
[INFO] [stdout] 174 |     #[derive(FromArgs, Debug)]
[INFO] [stdout]     |              ^^^^^^^^
[INFO] [stdout]     |
[INFO] [stdout]     = note: import resolution is stuck, try simplifying macro imports
[INFO] [stdout] 
[INFO] [stdout] 
[INFO] [stdout] error: cannot find attribute `argh` in this scope
[INFO] [stdout]    --> tests/lib.rs:177:11
[INFO] [stdout]     |
[INFO] [stdout] 177 |         #[argh(option)]
[INFO] [stdout]     |           ^^^^
[INFO] [stdout] 
[INFO] [stdout] 
[INFO] [stdout] error: cannot find attribute `argh` in this scope
[INFO] [stdout]    --> tests/lib.rs:215:11
[INFO] [stdout]     |
[INFO] [stdout] 215 |         #[argh(option, short = 'n')]
[INFO] [stdout]     |           ^^^^
[INFO] [stdout] 
[INFO] [stdout] 
[INFO] [stdout] error: cannot find attribute `argh` in this scope
[INFO] [stdout]    --> tests/lib.rs:233:11
[INFO] [stdout]     |
[INFO] [stdout] 233 |         #[argh(option, short = 'n')]
[INFO] [stdout]     |           ^^^^
[INFO] [stdout] 
[INFO] [stdout] 
[INFO] [stdout] error: cannot find attribute `argh` in this scope
[INFO] [stdout]    --> tests/lib.rs:255:11
[INFO] [stdout]     |
[INFO] [stdout] 255 |         #[argh(option, arg_name = "name")]
[INFO] [stdout]     |           ^^^^
[INFO] [stdout] 
[INFO] [stdout] 
[INFO] [stdout] error: cannot determine resolution for the derive macro `FromArgs`
[INFO] [stdout]    --> tests/lib.rs:278:14
[INFO] [stdout]     |
[INFO] [stdout] 278 |     #[derive(FromArgs, Debug, PartialEq)]
[INFO] [stdout]     |              ^^^^^^^^
[INFO] [stdout]     |
[INFO] [stdout]     = note: import resolution is stuck, try simplifying macro imports
[INFO] [stdout] 
[INFO] [stdout] 
[INFO] [stdout] error: cannot find attribute `argh` in this scope
[INFO] [stdout]    --> tests/lib.rs:281:11
[INFO] [stdout]     |
[INFO] [stdout] 281 |         #[argh(positional)]
[INFO] [stdout]     |           ^^^^
[INFO] [stdout] 
[INFO] [stdout] 
[INFO] [stdout] error: cannot find attribute `argh` in this scope
[INFO] [stdout]    --> tests/lib.rs:284:11
[INFO] [stdout]     |
[INFO] [stdout] 284 |         #[argh(positional)]
[INFO] [stdout]     |           ^^^^
[INFO] [stdout] 
[INFO] [stdout] 
[INFO] [stdout] error: cannot determine resolution for the derive macro `FromArgs`
[INFO] [stdout]    --> tests/lib.rs:308:14
[INFO] [stdout]     |
[INFO] [stdout] 308 |     #[derive(FromArgs, Debug, PartialEq)]
[INFO] [stdout]     |              ^^^^^^^^
[INFO] [stdout]     |
[INFO] [stdout]     = note: import resolution is stuck, try simplifying macro imports
[INFO] [stdout] 
[INFO] [stdout] 
[INFO] [stdout] error: cannot find attribute `argh` in this scope
[INFO] [stdout]    --> tests/lib.rs:311:11
[INFO] [stdout]     |
[INFO] [stdout] 311 |         #[argh(positional)]
[INFO] [stdout]     |           ^^^^
[INFO] [stdout] 
[INFO] [stdout] 
[INFO] [stdout] error: cannot find attribute `argh` in this scope
[INFO] [stdout]    --> tests/lib.rs:314:11
[INFO] [stdout]     |
[INFO] [stdout] 314 |         #[argh(positional)]
[INFO] [stdout]     |           ^^^^
[INFO] [stdout] 
[INFO] [stdout] 
[INFO] [stdout] error: cannot determine resolution for the derive macro `FromArgs`
[INFO] [stdout]    --> tests/lib.rs:326:14
[INFO] [stdout]     |
[INFO] [stdout] 326 |     #[derive(FromArgs, Debug, PartialEq)]
[INFO] [stdout]     |              ^^^^^^^^
[INFO] [stdout]     |
[INFO] [stdout]     = note: import resolution is stuck, try simplifying macro imports
[INFO] [stdout] 
[INFO] [stdout] 
[INFO] [stdout] error: cannot find attribute `argh` in this scope
[INFO] [stdout]    --> tests/lib.rs:329:11
[INFO] [stdout]     |
[INFO] [stdout] 329 |         #[argh(positional)]
[INFO] [stdout]     |           ^^^^
[INFO] [stdout] 
[INFO] [stdout] 
[INFO] [stdout] error: cannot find attribute `argh` in this scope
[INFO] [stdout]    --> tests/lib.rs:332:11
[INFO] [stdout]     |
[INFO] [stdout] 332 |         #[argh(positional, default = "5")]
[INFO] [stdout]     |           ^^^^
[INFO] [stdout] 
[INFO] [stdout] 
[INFO] [stdout] error: cannot determine resolution for the derive macro `FromArgs`
[INFO] [stdout]    --> tests/lib.rs:344:14
[INFO] [stdout]     |
[INFO] [stdout] 344 |     #[derive(FromArgs, Debug, PartialEq)]
[INFO] [stdout]     |              ^^^^^^^^
[INFO] [stdout]     |
[INFO] [stdout]     = note: import resolution is stuck, try simplifying macro imports
[INFO] [stdout] 
[INFO] [stdout] 
[INFO] [stdout] error: cannot find attribute `argh` in this scope
[INFO] [stdout]    --> tests/lib.rs:347:11
[INFO] [stdout]     |
[INFO] [stdout] 347 |         #[argh(positional)]
[INFO] [stdout]     |           ^^^^
[INFO] [stdout] 
[INFO] [stdout] 
[INFO] [stdout] error: cannot find attribute `argh` in this scope
[INFO] [stdout]    --> tests/lib.rs:350:11
[INFO] [stdout]     |
[INFO] [stdout] 350 |         #[argh(positional)]
[INFO] [stdout]     |           ^^^^
[INFO] [stdout] 
[INFO] [stdout] 
[INFO] [stdout] error: cannot find attribute `argh` in this scope
[INFO] [stdout]    --> tests/lib.rs:376:11
[INFO] [stdout]     |
[INFO] [stdout] 376 |         #[argh(positional)]
[INFO] [stdout]     |           ^^^^
[INFO] [stdout] 
[INFO] [stdout] 
[INFO] [stdout] error: cannot determine resolution for the derive macro `FromArgs`
[INFO] [stdout]    --> tests/lib.rs:391:14
[INFO] [stdout]     |
[INFO] [stdout] 391 |     #[derive(FromArgs, Debug, PartialEq)]
[INFO] [stdout]     |              ^^^^^^^^
[INFO] [stdout]     |
[INFO] [stdout]     = note: import resolution is stuck, try simplifying macro imports
[INFO] [stdout] 
[INFO] [stdout] 
[INFO] [stdout] error: cannot find attribute `argh` in this scope
[INFO] [stdout]    --> tests/lib.rs:394:11
[INFO] [stdout]     |
[INFO] [stdout] 394 |         #[argh(positional)]
[INFO] [stdout]     |           ^^^^
[INFO] [stdout] 
[INFO] [stdout] 
[INFO] [stdout] error: cannot find attribute `argh` in this scope
[INFO] [stdout]    --> tests/lib.rs:397:11
[INFO] [stdout]     |
[INFO] [stdout] 397 |         #[argh(option)]
[INFO] [stdout]     |           ^^^^
[INFO] [stdout] 
[INFO] [stdout] 
[INFO] [stdout] error: cannot determine resolution for the derive macro `FromArgs`
[INFO] [stdout]    --> tests/lib.rs:416:14
[INFO] [stdout]     |
[INFO] [stdout] 416 |     #[derive(FromArgs, Debug, PartialEq)]
[INFO] [stdout]     |              ^^^^^^^^
[INFO] [stdout]     |
[INFO] [stdout]     = note: import resolution is stuck, try simplifying macro imports
[INFO] [stdout] 
[INFO] [stdout] 
[INFO] [stdout] error: cannot find attribute `argh` in this scope
[INFO] [stdout]    --> tests/lib.rs:419:11
[INFO] [stdout]     |
[INFO] [stdout] 419 |         #[argh(positional)]
[INFO] [stdout]     |           ^^^^
[INFO] [stdout] 
[INFO] [stdout] 
[INFO] [stdout] error: cannot find attribute `argh` in this scope
[INFO] [stdout]    --> tests/lib.rs:422:11
[INFO] [stdout]     |
[INFO] [stdout] 422 |         #[argh(subcommand)]
[INFO] [stdout]     |           ^^^^
[INFO] [stdout] 
[INFO] [stdout] 
[INFO] [stdout] error: cannot find attribute `argh` in this scope
[INFO] [stdout]    --> tests/lib.rs:425:11
[INFO] [stdout]     |
[INFO] [stdout] 425 |         #[argh(positional)]
[INFO] [stdout]     |           ^^^^
[INFO] [stdout] 
[INFO] [stdout] 
[INFO] [stdout] error: cannot determine resolution for the derive macro `FromArgs`
[INFO] [stdout]    --> tests/lib.rs:430:14
[INFO] [stdout]     |
[INFO] [stdout] 430 |     #[derive(FromArgs, Debug, PartialEq)]
[INFO] [stdout]     |              ^^^^^^^^
[INFO] [stdout]     |
[INFO] [stdout]     = note: import resolution is stuck, try simplifying macro imports
[INFO] [stdout] 
[INFO] [stdout] 
[INFO] [stdout] error: cannot find attribute `argh` in this scope
[INFO] [stdout]    --> tests/lib.rs:431:7
[INFO] [stdout]     |
[INFO] [stdout] 431 |     #[argh(subcommand, name = "a")]
[INFO] [stdout]     |       ^^^^
[INFO] [stdout] 
[INFO] [stdout] 
[INFO] [stdout] error: cannot find attribute `argh` in this scope
[INFO] [stdout]    --> tests/lib.rs:434:11
[INFO] [stdout]     |
[INFO] [stdout] 434 |         #[argh(positional)]
[INFO] [stdout]     |           ^^^^
[INFO] [stdout] 
[INFO] [stdout] 
[INFO] [stdout] error: cannot find attribute `argh` in this scope
[INFO] [stdout]    --> tests/lib.rs:437:11
[INFO] [stdout]     |
[INFO] [stdout] 437 |         #[argh(positional)]
[INFO] [stdout]     |           ^^^^
[INFO] [stdout] 
[INFO] [stdout] 
[INFO] [stdout] error: cannot determine resolution for the derive macro `FromArgs`
[INFO] [stdout]    --> tests/lib.rs:514:14
[INFO] [stdout]     |
[INFO] [stdout] 514 |     #[derive(FromArgs)]
[INFO] [stdout]     |              ^^^^^^^^
[INFO] [stdout]     |
[INFO] [stdout]     = note: import resolution is stuck, try simplifying macro imports
[INFO] [stdout] 
[INFO] [stdout] 
[INFO] [stdout] error: cannot find attribute `argh` in this scope
[INFO] [stdout]    --> tests/lib.rs:517:11
[INFO] [stdout]     |
[INFO] [stdout] 517 |         #[argh(switch, short = 's')]
[INFO] [stdout]     |           ^^^^
[INFO] [stdout] 
[INFO] [stdout] 
[INFO] [stdout] error: cannot determine resolution for the derive macro `FromArgs`
[INFO] [stdout]    --> tests/lib.rs:533:14
[INFO] [stdout]     |
[INFO] [stdout] 533 |     #[derive(FromArgs, Debug)]
[INFO] [stdout]     |              ^^^^^^^^
[INFO] [stdout]     |
[INFO] [stdout]     = note: import resolution is stuck, try simplifying macro imports
[INFO] [stdout] 
[INFO] [stdout] 
[INFO] [stdout] error: cannot find attribute `argh` in this scope
[INFO] [stdout]    --> tests/lib.rs:536:11
[INFO] [stdout]     |
[INFO] [stdout] 536 |         #[argh(switch, short = 'a')]
[INFO] [stdout]     |           ^^^^
[INFO] [stdout] 
[INFO] [stdout] 
[INFO] [stdout] error: cannot find attribute `argh` in this scope
[INFO] [stdout]    --> tests/lib.rs:539:11
[INFO] [stdout]     |
[INFO] [stdout] 539 |         #[argh(switch, short = 'b')]
[INFO] [stdout]     |           ^^^^
[INFO] [stdout] 
[INFO] [stdout] 
[INFO] [stdout] error: cannot determine resolution for the derive macro `FromArgs`
[INFO] [stdout]    --> tests/lib.rs:552:14
[INFO] [stdout]     |
[INFO] [stdout] 552 |     #[derive(FromArgs, Debug)]
[INFO] [stdout]     |              ^^^^^^^^
[INFO] [stdout]     |
[INFO] [stdout]     = note: import resolution is stuck, try simplifying macro imports
[INFO] [stdout] 
[INFO] [stdout] 
[INFO] [stdout] error: cannot find attribute `argh` in this scope
[INFO] [stdout]    --> tests/lib.rs:555:11
[INFO] [stdout]     |
[INFO] [stdout] 555 |         #[argh(option)]
[INFO] [stdout]     |           ^^^^
[INFO] [stdout] 
[INFO] [stdout] 
[INFO] [stdout] error: cannot determine resolution for the derive macro `FromArgs`
[INFO] [stdout]    --> tests/lib.rs:595:18
[INFO] [stdout]     |
[INFO] [stdout] 595 |         #[derive(FromArgs, Debug, PartialEq)]
[INFO] [stdout]     |                  ^^^^^^^^
[INFO] [stdout]     |
[INFO] [stdout]     = note: import resolution is stuck, try simplifying macro imports
[INFO] [stdout] 
[INFO] [stdout] 
[INFO] [stdout] error: cannot find attribute `argh` in this scope
[INFO] [stdout]    --> tests/lib.rs:598:15
[INFO] [stdout]     |
[INFO] [stdout] 598 |             #[argh(positional)]
[INFO] [stdout]     |               ^^^^
[INFO] [stdout] 
[INFO] [stdout] 
[INFO] [stdout] error: cannot find attribute `argh` in this scope
[INFO] [stdout]    --> tests/lib.rs:602:15
[INFO] [stdout]     |
[INFO] [stdout] 602 |             #[argh(switch)]
[INFO] [stdout]     |               ^^^^
[INFO] [stdout] 
[INFO] [stdout] 
[INFO] [stdout] error: cannot determine resolution for the derive macro `FromArgs`
[INFO] [stdout]    --> tests/lib.rs:631:18
[INFO] [stdout]     |
[INFO] [stdout] 631 |         #[derive(FromArgs, Debug)]
[INFO] [stdout]     |                  ^^^^^^^^
[INFO] [stdout]     |
[INFO] [stdout]     = note: import resolution is stuck, try simplifying macro imports
[INFO] [stdout] 
[INFO] [stdout] 
[INFO] [stdout] error: cannot find attribute `argh` in this scope
[INFO] [stdout]    --> tests/lib.rs:634:15
[INFO] [stdout]     |
[INFO] [stdout] 634 |             #[argh(switch, short = 'v')]
[INFO] [stdout]     |               ^^^^
[INFO] [stdout] 
[INFO] [stdout] 
[INFO] [stdout] error: cannot determine resolution for the derive macro `FromArgs`
[INFO] [stdout]    --> tests/lib.rs:661:14
[INFO] [stdout]     |
[INFO] [stdout] 661 |     #[derive(FromArgs, Debug)]
[INFO] [stdout]     |              ^^^^^^^^
[INFO] [stdout]     |
[INFO] [stdout]     = note: import resolution is stuck, try simplifying macro imports
[INFO] [stdout] 
[INFO] [stdout] 
[INFO] [stdout] error: cannot find attribute `argh` in this scope
[INFO] [stdout]    --> tests/lib.rs:664:11
[INFO] [stdout]     |
[INFO] [stdout] 664 |         #[argh(subcommand)]
[INFO] [stdout]     |           ^^^^
[INFO] [stdout] 
[INFO] [stdout] 
[INFO] [stdout] error: cannot determine resolution for the derive macro `FromArgs`
[INFO] [stdout]    --> tests/lib.rs:668:14
[INFO] [stdout]     |
[INFO] [stdout] 668 |     #[derive(FromArgs, Debug)]
[INFO] [stdout]     |              ^^^^^^^^
[INFO] [stdout]     |
[INFO] [stdout]     = note: import resolution is stuck, try simplifying macro imports
[INFO] [stdout] 
[INFO] [stdout] 
[INFO] [stdout] error: cannot find attribute `argh` in this scope
[INFO] [stdout]    --> tests/lib.rs:669:7
[INFO] [stdout]     |
[INFO] [stdout] 669 |     #[argh(subcommand, name = "first")]
[INFO] [stdout]     |       ^^^^
[INFO] [stdout] 
[INFO] [stdout] 
[INFO] [stdout] error: cannot find attribute `argh` in this scope
[INFO] [stdout]    --> tests/lib.rs:672:11
[INFO] [stdout]     |
[INFO] [stdout] 672 |         #[argh(subcommand)]
[INFO] [stdout]     |           ^^^^
[INFO] [stdout] 
[INFO] [stdout] 
[INFO] [stdout] error: cannot determine resolution for the derive macro `FromArgs`
[INFO] [stdout]    --> tests/lib.rs:676:14
[INFO] [stdout]     |
[INFO] [stdout] 676 |     #[derive(FromArgs, Debug)]
[INFO] [stdout]     |              ^^^^^^^^
[INFO] [stdout]     |
[INFO] [stdout]     = note: import resolution is stuck, try simplifying macro imports
[INFO] [stdout] 
[INFO] [stdout] 
[INFO] [stdout] error: cannot find attribute `argh` in this scope
[INFO] [stdout]    --> tests/lib.rs:677:7
[INFO] [stdout]     |
[INFO] [stdout] 677 |     #[argh(subcommand, name = "second")]
[INFO] [stdout]     |       ^^^^
[INFO] [stdout] 
[INFO] [stdout] 
[INFO] [stdout] error: cannot determine resolution for the derive macro `FromArgs`
[INFO] [stdout]    --> tests/lib.rs:755:14
[INFO] [stdout]     |
[INFO] [stdout] 755 |     #[derive(FromArgs, PartialEq, Debug)]
[INFO] [stdout]     |              ^^^^^^^^
[INFO] [stdout]     |
[INFO] [stdout]     = note: import resolution is stuck, try simplifying macro imports
[INFO] [stdout] 
[INFO] [stdout] 
[INFO] [stdout] error: cannot find attribute `argh` in this scope
[INFO] [stdout]    --> tests/lib.rs:756:7
[INFO] [stdout]     |
[INFO] [stdout] 756 |     #[argh(
[INFO] [stdout]     |       ^^^^
[INFO] [stdout] 
[INFO] [stdout] 
[INFO] [stdout] error: cannot find attribute `argh` in this scope
[INFO] [stdout]    --> tests/lib.rs:765:11
[INFO] [stdout]     |
[INFO] [stdout] 765 |         #[argh(switch, short = 'f')]
[INFO] [stdout]     |           ^^^^
[INFO] [stdout] 
[INFO] [stdout] 
[INFO] [stdout] error: cannot find attribute `argh` in this scope
[INFO] [stdout]    --> tests/lib.rs:769:11
[INFO] [stdout]     |
[INFO] [stdout] 769 |         #[argh(switch)]
[INFO] [stdout]     |           ^^^^
[INFO] [stdout] 
[INFO] [stdout] 
[INFO] [stdout] error: cannot find attribute `argh` in this scope
[INFO] [stdout]    --> tests/lib.rs:773:11
[INFO] [stdout]     |
[INFO] [stdout] 773 |         #[argh(option, short = 's')]
[INFO] [stdout]     |           ^^^^
[INFO] [stdout] 
[INFO] [stdout] 
[INFO] [stdout] error: cannot find attribute `argh` in this scope
[INFO] [stdout]    --> tests/lib.rs:777:11
[INFO] [stdout]     |
[INFO] [stdout] 777 |         #[argh(switch, short = 'v')]
[INFO] [stdout]     |           ^^^^
[INFO] [stdout] 
[INFO] [stdout] 
[INFO] [stdout] error: cannot find attribute `argh` in this scope
[INFO] [stdout]    --> tests/lib.rs:780:11
[INFO] [stdout]     |
[INFO] [stdout] 780 |         #[argh(subcommand)]
[INFO] [stdout]     |           ^^^^
[INFO] [stdout] 
[INFO] [stdout] 
[INFO] [stdout] error: cannot determine resolution for the derive macro `FromArgs`
[INFO] [stdout]    --> tests/lib.rs:784:14
[INFO] [stdout]     |
[INFO] [stdout] 784 |     #[derive(FromArgs, PartialEq, Debug)]
[INFO] [stdout]     |              ^^^^^^^^
[INFO] [stdout]     |
[INFO] [stdout]     = note: import resolution is stuck, try simplifying macro imports
[INFO] [stdout] 
[INFO] [stdout] 
[INFO] [stdout] error: cannot find attribute `argh` in this scope
[INFO] [stdout]    --> tests/lib.rs:785:7
[INFO] [stdout]     |
[INFO] [stdout] 785 |     #[argh(subcommand)]
[INFO] [stdout]     |       ^^^^
[INFO] [stdout] 
[INFO] [stdout] 
[INFO] [stdout] error: cannot determine resolution for the derive macro `FromArgs`
[INFO] [stdout]    --> tests/lib.rs:791:14
[INFO] [stdout]     |
[INFO] [stdout] 791 |     #[derive(FromArgs, PartialEq, Debug)]
[INFO] [stdout]     |              ^^^^^^^^
[INFO] [stdout]     |
[INFO] [stdout]     = note: import resolution is stuck, try simplifying macro imports
[INFO] [stdout] 
[INFO] [stdout] 
[INFO] [stdout] error: cannot find attribute `argh` in this scope
[INFO] [stdout]    --> tests/lib.rs:792:7
[INFO] [stdout]     |
[INFO] [stdout] 792 |     #[argh(subcommand, name = "blow-up")]
[INFO] [stdout]     |       ^^^^
[INFO] [stdout] 
[INFO] [stdout] 
[INFO] [stdout] error: cannot find attribute `argh` in this scope
[INFO] [stdout]    --> tests/lib.rs:796:11
[INFO] [stdout]     |
[INFO] [stdout] 796 |         #[argh(switch)]
[INFO] [stdout]     |           ^^^^
[INFO] [stdout] 
[INFO] [stdout] 
[INFO] [stdout] error: cannot determine resolution for the derive macro `FromArgs`
[INFO] [stdout]    --> tests/lib.rs:800:14
[INFO] [stdout]     |
[INFO] [stdout] 800 |     #[derive(FromArgs, PartialEq, Debug)]
[INFO] [stdout]     |              ^^^^^^^^
[INFO] [stdout]     |
[INFO] [stdout]     = note: import resolution is stuck, try simplifying macro imports
[INFO] [stdout] 
[INFO] [stdout] 
[INFO] [stdout] error: cannot find attribute `argh` in this scope
[INFO] [stdout]    --> tests/lib.rs:801:7
[INFO] [stdout]     |
[INFO] [stdout] 801 |     #[argh(subcommand, name = "grind", description = "make smaller by many small cuts")]
[INFO] [stdout]     |       ^^^^
[INFO] [stdout] 
[INFO] [stdout] 
[INFO] [stdout] error: cannot find attribute `argh` in this scope
[INFO] [stdout]    --> tests/lib.rs:804:11
[INFO] [stdout]     |
[INFO] [stdout] 804 |         #[argh(switch)]
[INFO] [stdout]     |           ^^^^
[INFO] [stdout] 
[INFO] [stdout] 
[INFO] [stdout] error: aborting due to 94 previous errors
[INFO] [stdout] 
[INFO] [stdout] 
[INFO] [stdout] Some errors have detailed explanations: E0432, E0433.
[INFO] [stdout] 
[INFO] [stdout] For more information about an error, try `rustc --explain E0432`.
[INFO] [stdout] 
[INFO] [stderr] error: could not compile `cargho`
[INFO] [stderr] 
[INFO] [stderr] To learn more, run the command again with --verbose.
[INFO] [stderr] warning: build failed, waiting for other jobs to finish...
[INFO] [stderr] error: build failed
[INFO] running `Command { std: "docker" "inspect" "313f730b750e0fe238d4d3960297c9dd120ab7bfb9730e03a718cae6cf405f49", kill_on_drop: false }`
[INFO] running `Command { std: "docker" "rm" "-f" "313f730b750e0fe238d4d3960297c9dd120ab7bfb9730e03a718cae6cf405f49", kill_on_drop: false }`
[INFO] [stdout] 313f730b750e0fe238d4d3960297c9dd120ab7bfb9730e03a718cae6cf405f49
